{"id":62,"date":"2019-11-13T15:11:28","date_gmt":"2019-11-13T18:11:28","guid":{"rendered":"http:\/\/www.iskf.com.br\/site\/?page_id=62"},"modified":"2025-06-25T11:42:43","modified_gmt":"2025-06-25T14:42:43","slug":"filiacao-documentos-e-valores","status":"publish","type":"page","link":"http:\/\/www.iskf.com.br\/site\/filiacao-documentos-e-valores\/","title":{"rendered":"Filia\u00e7\u00e3o &#8211; Documentos, Valores e Pagamentos"},"content":{"rendered":"\n<p class=\"has-medium-font-size\"><strong>DOCUMENTOS<\/strong><\/p>\n\n\n\n<p>Para solicitar sua filia\u00e7\u00e3o de seu clube\/associa\u00e7\u00e3o\/Dojo junto a ISKF voc\u00ea deve preencher o<a href=\"http:\/\/www.iskf.com.br\/site\/formulario-filiacao-dojo\/\"> FORMUL\u00c1RIO DOJO<\/a> e envi\u00e1-lo para ISKF Brasil.<br><\/p>\n\n\n\n<p class=\"has-medium-font-size\"><strong>VALORES PARA FILIA\u00c7\u00c3O\/ANUIDADE &#8211; DOJO<\/strong><br><\/p>\n\n\n\n<p>A anuidade do Dojo \u00e9 de *<strong>R$ 720,00 <\/strong>. Valor que d\u00e1 direito ao certificado anual expedido pela ISKF-BRASIL, e participa\u00e7\u00e3o de membros filiados em todos os eventos ISKF.<\/p>\n\n\n\n<p style=\"font-size:10px\"><em>*Valor equivalente a U$ 100,00 mais IOF e Taxas.<\/em><\/p>\n\n\n\n<p>Clique no bot\u00e3o abaixo para efetuar o pagamento da taxa de filia\u00e7\u00e3o\/anuidade.  <em><strong>* Pagamento online suspenso.<\/strong><\/em> <\/p>\n\n\n\n<hr class=\"wp-block-separator has-css-opacity\"\/>\n\n\n\n<p class=\"has-medium-font-size\"><strong>ASSINATURA ANUAL<\/strong><\/p>\n\n\n\n<p>Voc\u00ea pode contratar esta assinatura da anuidade do DOJO logo abaixo. Efetuando a assinatura, voc\u00ea ser\u00e1 avisado anualmente do vencimento, e poder\u00e1 renovar seu certificado automaticamente.<\/p>\n\n\n\n<p>Clique no bot\u00e3o abaixo para efetuar a assinatura da anuidade do seu DOJO.  <em><strong>* Pagamento online suspenso.<\/strong><\/em> <\/p>\n\n\n\n<hr class=\"wp-block-separator has-css-opacity\"\/>\n\n\n\n<p class=\"has-medium-font-size\"><strong>VALORES MEMBROS<\/strong><br><\/p>\n\n\n\n<p>A anuidade de cada membro de seu Dojo \u00e9 de <strong>R$ 150,00<\/strong> \u00e9 d\u00e1 direito a carteira de s\u00f3cio ISKF-BRASIL, e internacional ,\u00a0 e lhe confere o direito de participar de eventos ISKF e ainda treinar (<em>por tempo limitado<\/em>) em outros Dojos ISKF quando em visita a dojos filiados em todo mundo.<br><\/p>\n\n\n\n<p>Clique no bot\u00e3o abaixo para efetuar o pagamento da anuidade.  <em><strong>* Pagamento online suspenso.<\/strong><\/em> <\/p>\n\n\n\n<hr class=\"wp-block-separator has-css-opacity\"\/>\n\n\n\n<p><\/p>\n\n\n\n<p class=\"has-medium-font-size\"><strong>PASSAPORTE ISKF<\/strong><br><\/p>\n\n\n\n<p>Indispens\u00e1vel para todos os candidatos a Faixa Preta Shodan (<em>isto \u00e9 todos os faixas marrons<\/em>) e todos os faixas pretas, o ISKF PASSPORT \u00e9 o documento de registro de todos os exames, cursos, torneios, semin\u00e1rios e gradua\u00e7\u00f5es. Custo <strong>R$ 400,00.<\/strong> <br>-Contatar a ISKF para solicita\u00e7\u00e3o do Passaporte.<\/p>\n\n\n\n<hr class=\"wp-block-separator has-css-opacity\"\/>\n\n\n\n<p><\/p>\n\n\n\n<p class=\"has-medium-font-size\"><strong>CERTIFICADOS DE KYU<\/strong> (<em>Faixas Coloridas<\/em>)<br><\/p>\n\n\n\n<p>Membros ISKF podem solicitar seus registro de Gradua\u00e7\u00e3o de Kyu (<em>faixas coloridas<\/em>) com expedi\u00e7\u00e3o de certificado internacional da ISKF. Custo por aluno <strong>R$ 65,00. <\/strong><br><\/p>\n\n\n\n<p> -Clique no bot\u00e3o abaixo para efetuar o pagamento do Certificado de gradua\u00e7\u00e3o Kyu.  <em><strong>* Pagamento online suspenso.<\/strong><\/em> <\/p>\n\n\n\n<hr class=\"wp-block-separator has-css-opacity\"\/>\n\n\n\n<p><\/p>\n\n\n\n<p><strong>REGISTRO DE DAN<\/strong><br><\/p>\n\n\n\n<p>Aprovados em Exames Oficiais ISKF devem registrar suas gradua\u00e7\u00f5es num prazo m\u00e1ximo de 180 dias, ap\u00f3s este prazo o candidato dever\u00e1 se submeter a novo exame.<\/p>\n\n\n\n<hr class=\"wp-block-separator has-css-opacity\"\/>\n\n\n\n<p><a href=\"https:\/\/forms.gle\/MCETkKt9gZW1iy756\"> Clique aqui para preencher o <strong>Formul\u00e1rio de Filia\u00e7\u00e3o DOJO<\/strong><\/a><\/p>\n\n\n\n<p><a href=\"http:\/\/www.iskf.com.br\/site\/filiacao\/\">-Voltar para a p\u00e1gina de Filia\u00e7\u00e3o<\/a><\/p>\n","protected":false},"excerpt":{"rendered":"<div class=\"mh-excerpt\"><p>DOCUMENTOS Para solicitar sua filia\u00e7\u00e3o de seu clube\/associa\u00e7\u00e3o\/Dojo junto a ISKF voc\u00ea deve preencher o FORMUL\u00c1RIO DOJO e envi\u00e1-lo para ISKF Brasil. VALORES PARA FILIA\u00c7\u00c3O\/ANUIDADE <a class=\"mh-excerpt-more\" href=\"http:\/\/www.iskf.com.br\/site\/filiacao-documentos-e-valores\/\" title=\"Filia\u00e7\u00e3o &#8211; Documentos, Valores e Pagamentos\">[&#8230;]<\/a><\/p>\n<\/div>","protected":false},"author":1,"featured_media":0,"parent":0,"menu_order":0,"comment_status":"closed","ping_status":"closed","template":"","meta":{"footnotes":""},"class_list":["post-62","page","type-page","status-publish","hentry"],"_links":{"self":[{"href":"http:\/\/www.iskf.com.br\/site\/wp-json\/wp\/v2\/pages\/62","targetHints":{"allow":["GET"]}}],"collection":[{"href":"http:\/\/www.iskf.com.br\/site\/wp-json\/wp\/v2\/pages"}],"about":[{"href":"http:\/\/www.iskf.com.br\/site\/wp-json\/wp\/v2\/types\/page"}],"author":[{"embeddable":true,"href":"http:\/\/www.iskf.com.br\/site\/wp-json\/wp\/v2\/users\/1"}],"replies":[{"embeddable":true,"href":"http:\/\/www.iskf.com.br\/site\/wp-json\/wp\/v2\/comments?post=62"}],"version-history":[{"count":37,"href":"http:\/\/www.iskf.com.br\/site\/wp-json\/wp\/v2\/pages\/62\/revisions"}],"predecessor-version":[{"id":838,"href":"http:\/\/www.iskf.com.br\/site\/wp-json\/wp\/v2\/pages\/62\/revisions\/838"}],"wp:attachment":[{"href":"http:\/\/www.iskf.com.br\/site\/wp-json\/wp\/v2\/media?parent=62"}],"curies":[{"name":"wp","href":"https:\/\/api.w.org\/{rel}","templated":true}]}}